{"id":5879,"date":"2019-01-25T12:36:19","date_gmt":"2019-01-25T18:36:19","guid":{"rendered":"http:\/\/dif.bahiadebanderas.gob.mx\/?page_id=5879"},"modified":"2026-03-18T20:54:31","modified_gmt":"2026-03-18T20:54:31","slug":"ii-estructura-organica-completa","status":"publish","type":"page","link":"https:\/\/transparencia.bahiadebanderas.gob.mx\/?page_id=5879","title":{"rendered":"II. Estructura org\u00e1nica completa."},"content":{"rendered":"<p>[vc_section][vc_row][vc_column][vc_tta_accordion][vc_tta_section i_icon_fontawesome=\u00bbfa fa-calendar-check-o\u00bb add_icon=\u00bbtrue\u00bb title=\u00bbORGANIGRAMAS\u00bb tab_id=\u00bb1620147399468-365d4062-d4da\u00bb][vc_column_text]<a href=\"https:\/\/transparencia.bahiadebanderas.gob.mx\/ARTICULO33\/II\/2025\/4TO%20TR%202025\/RH\/4T%20TR%202025\/01-ORGANIGRAMAS%20GENERAL\/1-ORGANIGRAMA%20GENERAL.png\"><span style=\"color: #82193e;\">Organigrama General<\/span><\/a><br \/>\n<a href=\"https:\/\/transparencia.bahiadebanderas.gob.mx\/ARTICULO33\/II\/2025\/4TO%20TR%202025\/RH\/4T%20TR%202025\/01-ORGANIGRAMAS%20GENERAL\/1-ORGANIGRAMA%20GENERAL.png\"><span style=\"color: #82193e;\">Despacho del Presidente Municipal<\/span><\/a><br \/>\n<a href=\"https:\/\/transparencia.bahiadebanderas.gob.mx\/ARTICULO33\/II\/2025\/4TO%20TR%202025\/RH\/4T%20TR%202025\/01-ORGANIGRAMAS%20GENERAL\/9-PROTECCION%20CIVIL.png\"><span style=\"color: #82193e;\">Direcci\u00f3n de la Unidad de Protecci\u00f3n Civil<\/span><\/a><br \/>\n<a href=\"https:\/\/transparencia.bahiadebanderas.gob.mx\/ARTICULO33\/II\/2025\/4TO%20TR%202025\/RH\/4T%20TR%202025\/01-ORGANIGRAMAS%20GENERAL\/3-SECRETARIA%20DEL%20H%20AYUNTAMIENTO.png\"><span style=\"color: #82193e;\">Secretar\u00eda del Ayuntamiento <\/span><\/a><br \/>\n<a href=\"https:\/\/transparencia.bahiadebanderas.gob.mx\/ARTICULO33\/II\/2025\/4TO%20TR%202025\/RH\/4T%20TR%202025\/01-ORGANIGRAMAS%20GENERAL\/4-TESORERIA.png\"><span style=\"color: #82193e;\">Tesorer\u00eda del Ayuntamiento\u00a0<\/span><\/a><br \/>\n<a href=\"https:\/\/transparencia.bahiadebanderas.gob.mx\/ARTICULO33\/II\/2025\/4TO%20TR%202025\/RH\/4T%20TR%202025\/01-ORGANIGRAMAS%20GENERAL\/6-OFICIALIA%20MAYOR.png\"><span style=\"color: #82193e;\">Oficial\u00eda Mayor Administrativa<\/span><\/a><br \/>\n<a href=\"https:\/\/transparencia.bahiadebanderas.gob.mx\/ARTICULO33\/II\/2025\/4TO%20TR%202025\/RH\/4T%20TR%202025\/01-ORGANIGRAMAS%20GENERAL\/7-PADRON%20Y%20LICENCIAS.png\"><span style=\"color: #82193e;\">Direcci\u00f3n de Padr\u00f3n y Licencias<\/span><\/a><br \/>\n<a href=\"https:\/\/transparencia.bahiadebanderas.gob.mx\/ARTICULO33\/II\/2025\/3ER%20TR%202025\/RH%203ER%20TR%202025\/SEGURIDAD%20CIUDADANA.jpeg\"><span style=\"color: #82193e;\">Direcci\u00f3n de\u00a0 Seguridad Ciudadana y Transito\u00a0<\/span><\/a><br \/>\n<a href=\"https:\/\/transparencia.bahiadebanderas.gob.mx\/ARTICULO33\/II\/2025\/4TO%20TR%202025\/RH\/4T%20TR%202025\/01-ORGANIGRAMAS%20GENERAL\/10-ORD%20TERRITORIAL%20Y%20DES.%20URBANO.png\"><span style=\"color: #82193e;\">Direcci\u00f3n de Ordenamiento Territorial y Desarrollo Urbano <\/span><\/a><\/p>\n<p><a href=\"https:\/\/transparencia.bahiadebanderas.gob.mx\/ARTICULO33\/II\/2025\/4TO%20TR%202025\/RH\/4T%20TR%202025\/01-ORGANIGRAMAS%20GENERAL\/20-MEDIO%20AMBIENTE%20%283%29.png\"><span style=\"color: #82193e;\">Medio Ambiente<\/span><\/a><\/p>\n<p><a href=\"https:\/\/transparencia.bahiadebanderas.gob.mx\/ARTICULO33\/II\/2025\/3ER%20TR%202025\/ORGANIGRAMA%20RH\/14-SERVICIOS%20PUBLICOS.png\"><span style=\"color: #82193e;\">Direcci\u00f3n de servicios P\u00fablicos<\/span><\/a><br \/>\n<a href=\"https:\/\/transparencia.bahiadebanderas.gob.mx\/ARTICULO33\/II\/2025\/4TO%20TR%202025\/RH\/4T%20TR%202025\/01-ORGANIGRAMAS%20GENERAL\/11-OBRAS%20PUBLICAS.png\"><span style=\"color: #82193e;\">Direcci\u00f3n de Obras P\u00fablicas<\/span><\/a><br \/>\n<a href=\"https:\/\/transparencia.bahiadebanderas.gob.mx\/ARTICULO33\/II\/2025\/4TO%20TR%202025\/RH\/4T%20TR%202025\/01-ORGANIGRAMAS%20GENERAL\/12-TURISMO.png\"><span style=\"color: #82193e;\">Direcci\u00f3n de Turismo<\/span><\/a><br \/>\n<a href=\"https:\/\/transparencia.bahiadebanderas.gob.mx\/ARTICULO33\/II\/2025\/4TO%20TR%202025\/RH\/4T%20TR%202025\/01-ORGANIGRAMAS%20GENERAL\/13-DESARROLLO%20Y%20BIENESTAR%20SOCIAL.png\"><span style=\"color: #82193e;\">Direcci\u00f3n de Desarrollo y Bienestar Social<\/span><\/a><br \/>\n<a href=\"https:\/\/transparencia.bahiadebanderas.gob.mx\/ARTICULO33\/II\/2025\/4TO%20TR%202025\/RH\/4T%20TR%202025\/01-ORGANIGRAMAS%20GENERAL\/14-JURIDICO.png\"><span style=\"color: #82193e;\">Direcci\u00f3n Jur\u00eddica<\/span><\/a><br \/>\n<a href=\"https:\/\/transparencia.bahiadebanderas.gob.mx\/ARTICULO33\/II\/2025\/4TO%20TR%202025\/RH\/4T%20TR%202025\/01-ORGANIGRAMAS%20GENERAL\/14-JURIDICO.png\"><span style=\"color: #82193e;\">Direcci\u00f3n de Juzgados C\u00edvicos<\/span><\/a><\/p>\n<p><a href=\"https:\/\/transparencia.bahiadebanderas.gob.mx\/ARTICULO33\/II\/2025\/4TO%20TR%202025\/RH\/4T%20TR%202025\/01-ORGANIGRAMAS%20GENERAL\/18-REGISTRO%20CILVIL.png\"><span style=\"color: #82193e;\">Direcci\u00f3n de Registro Civil<\/span><\/a><\/p>\n<p><a href=\"https:\/\/transparencia.bahiadebanderas.gob.mx\/ARTICULO33\/II\/2025\/4TO%20TR%202025\/RH\/4T%20TR%202025\/01-ORGANIGRAMAS%20GENERAL\/19-DEPORTE.png\"><span style=\"color: #82193e;\">Direcci\u00f3n de Deporte Municipal<\/span><\/a><\/p>\n<p><a href=\"https:\/\/transparencia.bahiadebanderas.gob.mx\/ARTICULO33\/II\/2025\/4TO%20TR%202025\/RH\/4T%20TR%202025\/01-ORGANIGRAMAS%20GENERAL\/17-DESARROLLO%20ECONOMICO.png\"><span style=\"color: #82193e;\">Direcci\u00f3n de Desarrollo Econ\u00f3mico<\/span><\/a><\/p>\n<p><span style=\"color: #800024;\"><a style=\"color: #800024;\" href=\"https:\/\/transparencia.bahiadebanderas.gob.mx\/ARTICULO33\/II\/2025\/4TO%20TR%202025\/RH\/4T%20TR%202025\/01-ORGANIGRAMAS%20GENERAL\/5-CONTROLARIA%20MUNICIPAL.png\">Direcci\u00f3n de Contralor\u00eda<\/a><\/span>[\/vc_column_text][\/vc_tta_section][\/vc_tta_accordion][\/vc_column][\/vc_row][\/vc_section][vc_section][vc_row][vc_column][vc_tta_accordion][vc_tta_section i_icon_fontawesome=\u00bbfa fa-calendar-check-o\u00bb add_icon=\u00bbtrue\u00bb title=\u00bbEstructura Organica\u00bb tab_id=\u00bb1683583651182-ff4ccf56-d313&#8243;][vc_column_text]<a href=\"https:\/\/transparencia.bahiadebanderas.gob.mx\/ARTICULO33\/II\/2025\/4TO%20TR%202025\/RH\/LTAIPEN_Art_33_Fr_II_a.xlsx\"><span style=\"color: #82193e;\">Formato IIa. Estructura Org\u00e1nica<\/span><\/a>[\/vc_column_text][vc_column_text]<a href=\"https:\/\/transparencia.bahiadebanderas.gob.mx\/ARTICULO33\/II\/2025\/4TO%20TR%202025\/RH\/LTAIPEN_Art_33_Fr_II_b.xlsx\"><span style=\"color: #82193e;\">Formato IIb. Organigrama<\/span><\/a>[\/vc_column_text][\/vc_tta_section][\/vc_tta_accordion][\/vc_column][\/vc_row][\/vc_section][vc_row][vc_column][vc_column_text]<span style=\"color: #82193e;\"><strong>Per\u00edodo de actualizaci\u00f3n:<\/strong><\/span> trimestral<br \/>\n<span style=\"color: #82193e;\"><strong>Ultima actualizaci\u00f3n:<\/strong> <\/span>\u00a027 de Enero de 2026<br \/>\n<span style=\"color: #82193e;\"><strong>\u00c1rea que genera la informaci\u00f3n:<\/strong><\/span> Oficial\u00eda Mayor Administrativa\/RH[\/vc_column_text][\/vc_column][\/vc_row]<\/p>\n","protected":false},"excerpt":{"rendered":"<p>[vc_section][vc_row][vc_column][vc_tta_accordion][vc_tta_section i_icon_fontawesome=\u00bbfa fa-calendar-check-o\u00bb add_icon=\u00bbtrue\u00bb title=\u00bbORGANIGRAMAS\u00bb tab_id=\u00bb1620147399468-365d4062-d4da\u00bb][vc_column_text]Organigrama General Despacho del Presidente Municipal Direcci\u00f3n de la Unidad de Protecci\u00f3n Civil Secretar\u00eda del Ayuntamiento Tesorer\u00eda del Ayuntamiento\u00a0 Oficial\u00eda Mayor Administrativa Direcci\u00f3n de Padr\u00f3n y Licencias Direcci\u00f3n de\u00a0 Seguridad Ciudadana y Transito\u00a0 Direcci\u00f3n de Ordenamiento Territorial y Desarrollo Urbano Medio Ambiente Direcci\u00f3n de servicios P\u00fablicos Direcci\u00f3n de Obras P\u00fablicas [&hellip;]<\/p>\n","protected":false},"author":1,"featured_media":0,"parent":5733,"menu_order":0,"comment_status":"closed","ping_status":"closed","template":"","meta":{"footnotes":""},"class_list":["post-5879","page","type-page","status-publish","hentry"],"_links":{"self":[{"href":"https:\/\/transparencia.bahiadebanderas.gob.mx\/index.php?rest_route=\/wp\/v2\/pages\/5879","targetHints":{"allow":["GET"]}}],"collection":[{"href":"https:\/\/transparencia.bahiadebanderas.gob.mx\/index.php?rest_route=\/wp\/v2\/pages"}],"about":[{"href":"https:\/\/transparencia.bahiadebanderas.gob.mx\/index.php?rest_route=\/wp\/v2\/types\/page"}],"author":[{"embeddable":true,"href":"https:\/\/transparencia.bahiadebanderas.gob.mx\/index.php?rest_route=\/wp\/v2\/users\/1"}],"replies":[{"embeddable":true,"href":"https:\/\/transparencia.bahiadebanderas.gob.mx\/index.php?rest_route=%2Fwp%2Fv2%2Fcomments&post=5879"}],"version-history":[{"count":141,"href":"https:\/\/transparencia.bahiadebanderas.gob.mx\/index.php?rest_route=\/wp\/v2\/pages\/5879\/revisions"}],"predecessor-version":[{"id":21268,"href":"https:\/\/transparencia.bahiadebanderas.gob.mx\/index.php?rest_route=\/wp\/v2\/pages\/5879\/revisions\/21268"}],"up":[{"embeddable":true,"href":"https:\/\/transparencia.bahiadebanderas.gob.mx\/index.php?rest_route=\/wp\/v2\/pages\/5733"}],"wp:attachment":[{"href":"https:\/\/transparencia.bahiadebanderas.gob.mx\/index.php?rest_route=%2Fwp%2Fv2%2Fmedia&parent=5879"}],"curies":[{"name":"wp","href":"https:\/\/api.w.org\/{rel}","templated":true}]}}